 (-15 + 0) - 2)
29
Evaluate (-7 - -59 - 8) + (-205 - -193).
32
What is 2 + (-2 + 30 - 11) + (39 - -72)?
130
13 - (6 - -21) - -3 - 28
-39
-94 + (-31 - -144) - (59 - 2)
-38
-8 + -23 + (20 - (14 - 4))
-21
Calculate 1 + -12 - ((-7 - 57) + 30).
23
Calculate (10435 - 10546) + (138 - 2).
25
(0 - 31) + -986 + 967
-50
What is 23 - (271 - 268 - (3 + -46))?
-23
-58 - (22 - 46 - 26)
-8
What is the value of 56 + -130 - 73 - -47?
-100
What is -17 + (5 - (11 + (-16 - -6))) + -23?
-36
What is -27 - (-69 + (42 - 11))?
11
Evaluate 10 + (-2 + -1 - 3) - (173 + -168).
-1
What is -99 - (0 + (-57 - -36)) - -18?
-60
2 + 3 + -3 + -1 - (-58 + 42 - -45)
-28
32 + 1 + (-10146 - -10085)
-28
Calculate (-117 - (17 + -108)) + 0.
-26
Evaluate 74 - (-81 - (-21 + -59)).
75
7 + 77 + -17 - 74
-7
What is the value of (1 - 63) + -17 + 49 - (-15 - (-3 + 1))?
-17
-1 - (67 + -71) - -26
29
What is the value of (34 - ((66 - -24) + 2)) + -21?
-79
-10 - (1 - 0 - (-10 - ((6 - 3) + -9)))
-15
Evaluate 46 + (0 - 0) - -4 - (48 - 42 - 13).
57
What is the value of -57 + (2 - 4) + (596 - 624) + (32 - -1)?
-54
What is the value of (-1 - 15) + (647 - 639) - (-22 + -2)?
16
What is the value of (56 - -22) + (1 + (-17 + 7 - -5) - -3)?
77
(-74 - (-61 - 12) - (-3 + 13)) + -12
-23
Calculate 0 + (8 - 69) - (29 + (3 - 19)).
-74
-30 + -19 + 0 + -7 + (8 - 1) + 6
-43
Calculate (-17 - -61) + -7 + 0 + (30 - 12).
55
What is 197 - (-18 + 82) - 49?
84
What is the value of 0 + 93 + (-20 - (-34 + 22)) + -6 + -4?
75
What is -56 + -1 - (926 + -954)?
-29
Evaluate (191 - -112 - 146) + -111.
46
What is (1 - -7) + (-9 + -28 + -2 - 9)?
-40
(-9 - (-3 - (3 - -48))) + -67 + 52
30
Calculate -27 + -77 + 95 + -66.
-75
-84 + -2 - (-4303 - -4220)
-3
(7 + 1 - -2) + (-20 + 14 - -2) - -79
85
What is 12 - (-6 + -7 + 27) - -4 - 18?
-16
What is (-35 + -58 - -81) + (0 - -35)?
23
What is the value of (34 - (41 - 131)) + 1 + -17 + 2?
110
20 + -6 + (543 - 693)
-136
What is the value of (47 - -69) + -61 - 84?
-29
What is the value of (-246 - 6) + -34 + 170?
-116
What is (-39 - 6) + (-31 - 0 - -19)?
-57
(-36 - -30 - (-3 + 11) - 0) + 7
-7
100 - 43 - 26 - (2 + 21)
8
Calculate (190 - 183) + (94 - 28) + (4 - 0).
77
-14 + 1 + 0 + (4637 - 4659) - 15
-50
Calculate (8 + 7 + -87 - -15) + 4.
-53
(-6 - (-18 - -5)) + -6 + -3 + 21
19
-2023 - -2032 - (1 + 7 - (4 - 2)) - 13
-10
Calculate 21 + (-53 - -42) + 38.
48
What is the value of -64 + (35 + -3 - (6 + 34 + -22))?
-50
What is -72 - -36 - -35 - (-34 - (3 - 4))?
32
Calculate (12 - 16) + -7 + 23 + 17.
29
What is the value of 13 - ((-24 - -48) + (-10 - 3) - 14)?
16
What is -53 + 164 + -86 + -13?
12
Evaluate 54 + 8 + (2 - -22) + (-64 - -51) + -12.
61
Calculate (-3940 - -4006) + 0 + -4.
62
Evaluate -71 - (-62 - (58 + -42)).
7
What is (-20 - (141 + -223)) + -15?
47
-2 + (1 - (-67 + 71) - (24 - 0 - -2))
-31
-27 + 110 - (105 + 4)
-26
(-8 - -10) + (6 + 20 - 26) + (-3 - -3)
2
What is 0 - (-4 + 1 - -2) - (-86 - (-39 - 3))?
45
What is -36 - 8 - -6 - (58 - 77)?
-19
-1 + -1 + 3 + -2 + 7 - (-8049 + 8026)
29
What is the value of (4 + (-72 - (-13 - -10)) - -5) + 5 + 3?
-52
Calculate 26 - ((-13 - -1) + 28 + (-75 - -46)).
39
Calculate (29 + 9 - -5 - -30) + -25.
48
What is the value of 6 - ((5 - (16 - 8)) + 55 + -3)?
-43
-7 + (-14 - -1) + (52 - 24) - 63
-55
Evaluate (-8 - (20 - 127)) + (2 - -31).
132
What is the value of -40 + 11 + 25 + -13?
-17
What is the value of 49 + (-16 - -4) + -54?
-17
What is the value of 5 + 1 - (29 + 17 + -33 - 1)?
-6
What is the value of 8 + -4 + 7 - (-19 - (65 + -51))?
44
Evaluate 27 + (-72 - -73) + 5 + -67.
-34
Calculate -49 - (50 - (-9 - -111)).
3
Calculate (0 + 0 - (-136 + 141 + -10)) + -134 + -1.
-130
What is 14 + -8 + (3 + -8 - (0 - 5))?
6
What is -1835 + 1761 - (-14 + 2)?
-62
What is -10 + (-51 - (36 - 95))?
-2
What is -72 + 54 - (-111 - 1 - (-131 - -139))?
102
What is (-39 - (-26 + -10)) + -40?
-43
What is the value of 29 - (-27 + (35 - -42))?
-21
21 + -90 + -1 + -10 + -3 + 19
-64
Evaluate 86 + (96 - 52) + -49.
81
Calculate (1 - -49) + 5 - (46 + -106 - -78).
37
Evaluate -4048 + 4120 + (-117 - -1).
-44
16 + -4 + 4 - (-21 + (27 - 5))
15
Evaluate -6 - (-7 + (-3 - (10 + -12 + 3)) + -38).
43
Calculate (22 - 4 - (-3 - (-27 + -44))) + -7.
-57
What is 43 - 1 - (-34 - (-16 + 6 + -4) - -9)?
53
-26 + 0 - (13 + -2 + -30)
-7
What is -7668 + 7708 + (1 - 73)?
-32
What is the value of (2 - -3) + (59 + -38 + -24 - (-63 + 4))?
61
Calculate 38 + 9 - 40 - (-22 - 6).
35
Calculate 6 - (9 + 29 + -38).
6
Evaluate -7 - -14 - 8 - -1 - -8.
8
What is the value of -3 - (-10 + 2 + (15 - ((10 - -13) + -6)))?
7
Evaluate (9 + (1 - 2) + 4 - (-134 + 123)) + 2.
25
14 - (155 + (41 - 262))
80
Calculate 8 - (5 + -6 - -2) - (37 - (31 - 48)).
-47
What is -47 - (40 + -27) - -93?
33
(-27 - (-138 - -97)) + -9 + -1 + 0
4
Evaluate 24 + (1 - -1) + (22 - 16 - -2).
34
-101 + 175 - (-9 + 10 + 4 + -4)
73
Calculate 17 + -68 + (137 - 52).
34
(-41 - -12) + 18 + -53
-64
-2 + (4 - -3) + 24 + (-8 - 5)
16
Evaluate (23 - (-22 + 59)) + -3 + 5 + 0.
-12
Calculate -14 - 24 - (-72 - -82).
-48
What is 8 + -4 + -2 - (-3 - 33)?
38
Evaluate -713 + 817 + 23 + 11.
138
What is the value of 81 + (-44 + 4 - -7) + -12 + 1 + 2?
39
What is 0 + 1 + -5 - (66 + -22 - 34)?
-14
Calculate 2 - (55 + -61) - -60.
68
-41 - -3 - ((18 - 1) + (-19 - (2 - 13)))
-47
Evaluate -25 - (22 - -24 - 122).
51
What is -28 - 80 - -86 - (-76 - 3)?
57
Calculate -788 + 791 - (-1 - 14) - (-17 - 1).
36
Calculate 14 + -18 + (1 + -4 - 3) - (54 - 60).
-4
Evaluate 140 + (-117 - -65 - 56).
32
What is -45 - 3 - (66 - 96) - 3?
-21
What is the value of 4 + -17 + (-7 - -39 - 17)?
2
What is (48 + -8 - -9) + -30 + 0 + -1 + -5?
13
(-14 - 47) + 14 - -6
-41
(1 - -2) + (20 - 15) - (18 - 9) - -1
0
-224 - -391 - 179 - (-9 - -1)
-4
Calculate 41 + (-38 - -27 - -10) + -114.
-74
(-47 - (-81 + -84)) + 3 + -30 - (0 - 1)
92
Calculate -4 + 6 + 5 + -20 + 23 - 43.
-33
Evaluate 7 - (-47 - -49 - (-33 - 1 - -5) - 9).
-15
-10 + (-9 + 30 - -2) + 2 - 12
3
Evaluate 26 + 108 + -441 + 326.
19
(-27 + (-18 - -40 - 131) - (-12 + -2)) + 6
-116
Calculate (42 - 47) + 32 - (-10 + -3).
40
-15 - (0 - 1) - ((-2 - 61) + -29 + -16)
94
(-5 - 34) + 7 - -9
-23
What is -16 + 21 + -19 + 11 + -2 - (-1 + -1)?
-3
What is the value of -181 + (234 - 35) + -142 + -1?
-125
What is the value of (31 - (7 + -18 + 14)) + 0 + (-12 - -1)?
17
What is 1 + -4 + (-82 - -94) - (-5 - (4 + 4))?
22
-4 + -55 + (53 - -9 - 46)
-43
What is the value of -7 - (3 + (0 + -3 + 13 + -15 - 1))?
-4
Calculate -99 + (14 - (1 + 2)) + (-5 - -3).
-90
-3 - ((-4 - 2 - (-92 - -78)) + -60)
49
What is the value of (45 + -30 - (-1 - -5)) + 19 + (3 - 6)?
27
What is -6 - (-22 - -10) - (-3 - (0 - -45))?
54
Evaluate -6 + 3 + (-11 - -14 - -6) + 0 + 20.
26
-5 - -14 - (-27 - (-30 - (-2 - 19)))
27
(17 - 34) + (1 - (6 + -64))
42
What is -15 - 1 - (22 - (45 + -11)) - -37?
33
(-27 - ((142 - 147) + -10 + -1)) + -9 + 11
-9
-76 + (-8 - 11 - -2) + 40 + -9
-62
Evaluate -16 + (16 - (43 - 7) - 22).
-58
Calculate -5 - ((-16 - -80) + -74).
5
What is the value of -24 + (-12 - (-49 - -26)) + 32?
19
What is the value of (22 - 45) + 96 + -60?
13
Calculate -7 + -25 + 60 + (1 + 0 + -1 - -1).
29
What is (-71 - (-66 + 45)) + 43?
-7
Evaluate 326 + -301 + (1 - -27).
53
Calculate 14 + (-2 - -2 - -3) + (-160 - -197).
54
What is -86 - -53 - (-56 + 13)?
10
Calculate (-8 - (10 + -12) - 1) + -14.
-21
Evaluate 12 + -8 + (9 - -26) + 28.
67
Evaluate (-27 - (17 + -29) - 47) + 4 + (3 - 4).
-59
What is 2 - -36 - (449 + -442)?
31
20 - 11 - 11 - (29 - 1)
-30
Evaluate 36 + (-7 - 1 - (-2 - 18)) + -4.
44
What is 76 + (13 + -8 - 23)?
58
What is -11 - (-30 - -3 - (107 - 194))?
-71
What is -10 + 124 + (2 + -8 - 14)?
94
What is the value of (1 + -19 - (-8 - (10 + -18))) + -20?
-38
What is the value of -4 + -3 + 3 + (-3 + -43 - (-5 + -32))?
-13
What is the value of 439 + (458 - 979) - (-1 - (1 + -2 + 1))?
-81
What is 8 - ((1 - -14) + -88 + 77)?
4
Calculate -2 + -9 + 18 - (-13 + 52 - 8).
-24
What is 68 + -37 - (-2 + (-2 - -15))?
20
What is -24 + 47 - 19 - (4 + 2 + -19)?
17
Evaluate 146 + -53 - (3 + (-20 - ((3 - 1) + -8))).
104
Evaluate -26 - (-38 + (-24 - -82)).
-46
Calculate 9 + (12 - (-26 + -13 - (-11 + -7))).
42
Evaluate 26 - (-6 - 1) - (43 - 67).
57
Calculate -154 - -78 - (-24 + 7 + 58).
-117
What is the value of -18 + 16 + -9 + 2 +